{"id":719,"date":"2015-10-24T09:42:48","date_gmt":"2015-10-24T08:42:48","guid":{"rendered":"http:\/\/saintemariemayorga64220.fr\/?page_id=719"},"modified":"2020-04-09T15:31:11","modified_gmt":"2020-04-09T14:31:11","slug":"une-ecole-au-rythme-de-lenfant","status":"publish","type":"page","link":"https:\/\/saintemariemayorga64220.fr\/es\/ecole-sainte-marie\/une-ecole-au-rythme-de-lenfant\/","title":{"rendered":"AU RYTHME DE L&#8217;ENFANT&#8230;"},"content":{"rendered":"<p>[et_pb_section fb_built=\u00bb1&#8243; _builder_version=\u00bb3.0.47&#8243;][et_pb_row _builder_version=\u00bb3.0.47&#8243; background_size=\u00bbinitial\u00bb background_position=\u00bbtop_left\u00bb background_repeat=\u00bbrepeat\u00bb][et_pb_column type=\u00bb4_4&#8243; _builder_version=\u00bb3.0.47&#8243; parallax=\u00bboff\u00bb parallax_method=\u00bbon\u00bb][et_pb_slider _builder_version=\u00bb3.0.84&#8243;][et_pb_slide heading=\u00bbAu rythme de l&#8217;enfant\u00bb use_bg_overlay=\u00bboff\u00bb use_text_overlay=\u00bboff\u00bb _builder_version=\u00bb3.0.84&#8243; header_level=\u00bbh1&#8243; header_font=\u00bb||||||||\u00bb body_font=\u00bb||||||||\u00bb background_image=\u00bbhttp:\/\/saintemariemayorga64220.fr\/wp-content\/uploads\/2018\/03\/child-817369_1920.jpg\u00bb custom_button=\u00bboff\u00bb button_icon_placement=\u00bbright\u00bb button_on_hover=\u00bbon\u00bb][\/et_pb_slide][\/et_pb_slider][\/et_pb_column][\/et_pb_row][\/et_pb_section][et_pb_section fb_built=\u00bb1&#8243; _builder_version=\u00bb3.0.47&#8243;][et_pb_row _builder_version=\u00bb3.0.47&#8243; background_size=\u00bbinitial\u00bb background_position=\u00bbtop_left\u00bb background_repeat=\u00bbrepeat\u00bb][et_pb_column type=\u00bb4_4&#8243; _builder_version=\u00bb3.0.47&#8243; parallax=\u00bboff\u00bb parallax_method=\u00bbon\u00bb][et_pb_text _builder_version=\u00bb3.0.84&#8243; background_size=\u00bbinitial\u00bb background_position=\u00bbtop_left\u00bb background_repeat=\u00bbrepeat\u00bb inline_fonts=\u00bbFauna One\u00bb]<\/p>\n<p><span style=\"font-family: Fauna\\ One; font-weight: normal; color: #000000;\">L&#8217;\u00e9cole propose un rythme favorable au bon d\u00e9veloppement de l&#8217;enfant.<\/span><\/p>\n<p><span style=\"font-family: Fauna\\ One; font-weight: normal; color: #000000;\">L&#8217;\u00e9cole fonctionne <span style=\"text-decoration: underline;\">sur 4 jours par semaine<\/span> (lundi, mardi, jeudi et vendredi)<\/span><\/p>\n<p><span style=\"font-family: Fauna\\ One; font-weight: normal; color: #000000;\"><span style=\"text-decoration: underline;\">L&#8217;accueil du matin<\/span> se fait directement en classe de 8h15 \u00e0 8h30. L&#8217;enseignant peut accueillir chaque \u00e9l\u00e8ve individuellement. Ce temps individualis\u00e9 permet de commencer la journ\u00e9e dans un cadre calme et serein.<\/span><\/p>\n<p><span style=\"font-family: Fauna\\ One; font-weight: normal; color: #000000;\"><span style=\"text-decoration: underline;\">La cantine:\u00a0<\/span>\u00a0Les \u00e9l\u00e8ves mangent de 11h30 \u00e0 12h30. Le petit r\u00e9fectoire accueille les \u00e9l\u00e8ves de maternelle. <span>Tandis que les CP, CE1, CE2, CM1 et CM2 (chaque cycle dispose de sa zone g\u00e9ographique) d\u00e9jeunent dans le moyen r\u00e9fectoire de l&#8217;\u00e9cole. Ceci permet un plus grand respect des besoins et rythmes de chacun.<\/span>.<\/span><\/p>\n<p><span style=\"color: #000000;\"><span style=\"font-family: Fauna\\ One; font-weight: normal;\"><span style=\"text-decoration: underline;\">La sieste:<\/span>\u00a0Afin d&#8217;offrir un temps de repos suffisant \u00e0 chacun, tous les \u00e9l\u00e8ves de Petite section et \u00a0de Moyenne section (\u00e0 la demande) font la sieste\u00a0de 12h45 \u00e0 15h<\/span>.<\/span><\/p>\n<p><em><strong>Haurraren erritmoa<\/strong><\/em><\/p>\n<p><em><strong>Eskolak haurraren erritmoa segitzen du:<\/strong><\/em><\/p>\n<ul>\n<li><em><strong>4 eguneko astea proposatuz ( astelehena, asteartea, ortzeguna eta ortziralea)<\/strong><\/em><\/li>\n<li><em><strong>Goizetan, 8ak eta laurdenetan, erakasleak haurrak banazka errezebitzen ditu bere gelan, eguna kalmeki hasiz.<\/strong><\/em><\/li>\n<li><em><strong>Kantina: haurrek 2 geletan ( ama eskolaloak alde batetik eta haundiak bertzetik) oren batez jaten dute (11h30\/12h30)<\/strong><\/em><\/li>\n<li><em><strong>Loaldia : ama eskolako ttipi eta artekoek (nahi dutenek) pausa egitendute ( 12h45\/15h).<\/strong><\/em><\/li>\n<\/ul>\n<p>[\/et_pb_text][\/et_pb_column][\/et_pb_row][\/et_pb_section][et_pb_section fb_built=\u00bb1&#8243; _builder_version=\u00bb3.0.47&#8243;][\/et_pb_section][et_pb_section fb_built=\u00bb1&#8243; _builder_version=\u00bb3.0.47&#8243;][\/et_pb_section][et_pb_section fb_built=\u00bb1&#8243; _builder_version=\u00bb3.0.47&#8243;][\/et_pb_section]<\/p>\n","protected":false},"excerpt":{"rendered":"<p>[et_pb_section fb_built=\u00bb1&#8243; _builder_version=\u00bb3.0.47&#8243;][et_pb_row _builder_version=\u00bb3.0.47&#8243; background_size=\u00bbinitial\u00bb background_position=\u00bbtop_left\u00bb background_repeat=\u00bbrepeat\u00bb][et_pb_column type=\u00bb4_4&#8243; _builder_version=\u00bb3.0.47&#8243; parallax=\u00bboff\u00bb parallax_method=\u00bbon\u00bb][et_pb_slider _builder_version=\u00bb3.0.84&#8243;][et_pb_slide heading=\u00bbAu rythme de l&#8217;enfant\u00bb use_bg_overlay=\u00bboff\u00bb use_text_overlay=\u00bboff\u00bb _builder_version=\u00bb3.0.84&#8243; header_level=\u00bbh1&#8243; header_font=\u00bb||||||||\u00bb body_font=\u00bb||||||||\u00bb background_image=\u00bbhttp:\/\/saintemariemayorga64220.fr\/wp-content\/uploads\/2018\/03\/child-817369_1920.jpg\u00bb custom_button=\u00bboff\u00bb button_icon_placement=\u00bbright\u00bb button_on_hover=\u00bbon\u00bb][\/et_pb_slide][\/et_pb_slider][\/et_pb_column][\/et_pb_row][\/et_pb_section][et_pb_section fb_built=\u00bb1&#8243; _builder_version=\u00bb3.0.47&#8243;][et_pb_row _builder_version=\u00bb3.0.47&#8243; background_size=\u00bbinitial\u00bb background_position=\u00bbtop_left\u00bb background_repeat=\u00bbrepeat\u00bb][et_pb_column type=\u00bb4_4&#8243; _builder_version=\u00bb3.0.47&#8243; parallax=\u00bboff\u00bb parallax_method=\u00bbon\u00bb][et_pb_text _builder_version=\u00bb3.0.84&#8243; background_size=\u00bbinitial\u00bb background_position=\u00bbtop_left\u00bb background_repeat=\u00bbrepeat\u00bb inline_fonts=\u00bbFauna One\u00bb] L&#8217;\u00e9cole propose un rythme favorable au bon d\u00e9veloppement de l&#8217;enfant. L&#8217;\u00e9cole fonctionne sur [&hellip;]<\/p>\n","protected":false},"author":1,"featured_media":0,"parent":24,"menu_order":1,"comment_status":"closed","ping_status":"closed","template":"","meta":{"spay_email":""},"jetpack_sharing_enabled":true,"jetpack_shortlink":"https:\/\/wp.me\/P9jAgw-bB","jetpack_likes_enabled":true,"jetpack-related-posts":[{"id":68,"url":"https:\/\/saintemariemayorga64220.fr\/es\/college-jean-de-mayorga\/mayorga-pratique\/renseignements-pratiques\/transports-scolaires\/","url_meta":{"origin":719,"position":0},"title":"Transporte escolar","date":"26 de octubre de 2014","format":false,"excerpt":" [et_pb_slide _builder_version=\"3.0.84\" heading=\"Transports scolaires\" use_background_color_gradient=\"off\" background_color_gradient_start=\"#2b87da\" background_color_gradient_end=\"#29c4a9\" background_color_gradient_type=\"linear\" background_color_gradient_direction=\"180deg\" background_color_gradient_direction_radial=\"center\" background_color_gradient_start_position=\"0%\" background_color_gradient_end_position=\"100%\" background_image=\"http:\/\/saintemariemayorga64220.fr\/wp-content\/uploads\/2014\/10\/auto-2583303_1920.jpg\" parallax=\"off\" parallax_method=\"on\" background_size=\"cover\" background_position=\"center\" background_repeat=\"no-repeat\" background_blend=\"normal\" allow_player_pause=\"off\" use_bg_overlay=\"on\" use_text_overlay=\"off\" text_border_radius=\"3\" alignment=\"center\" background_layout=\"dark\" header_level=\"h1\" header_font=\"||||||||\" header_font_size=\"65\" header_font_size_tablet=\"65\" header_font_size_phone=\"65\" body_font=\"||||||||\" custom_button=\"off\" button_bg_use_color_gradient=\"off\" button_bg_color_gradient_start=\"#2b87da\" button_bg_color_gradient_end=\"#29c4a9\" button_bg_color_gradient_type=\"linear\"\u2026","rel":"","context":"Entrada similar","img":{"alt_text":"","src":"","width":0,"height":0},"classes":[]},{"id":72,"url":"https:\/\/saintemariemayorga64220.fr\/es\/college-jean-de-mayorga\/mayorga-pratique\/renseignements-pratiques\/etude-du-soir\/","url_meta":{"origin":719,"position":1},"title":"Permanencia por la tarde","date":"26 de octubre de 2014","format":false,"excerpt":" [et_pb_slide heading=\"Permanencia por la tarde\" use_bg_overlay=\"on\" use_text_overlay=\"off\" _builder_version=\"3.0.84\" header_level=\"h1\" header_font=\"||||||||\" body_font=\"||||||||\" background_image=\"http:\/\/saintemariemayorga64220.fr\/wp-content\/uploads\/2014\/10\/books-2158737_1920.jpg\" custom_button=\"off\" button_icon_placement=\"right\" button_on_hover=\"on\" background_color=\"#ffffff\" header_font_size=\"45px\" use_background_color_gradient=\"off\" background_color_gradient_start=\"#2b87da\" background_color_gradient_end=\"#29c4a9\" background_color_gradient_type=\"linear\" background_color_gradient_direction=\"180deg\" background_color_gradient_direction_radial=\"center\" background_color_gradient_start_position=\"0%\" background_color_gradient_end_position=\"100%\" parallax=\"off\" parallax_method=\"on\" background_size=\"cover\" background_position=\"center\" background_repeat=\"no-repeat\" background_blend=\"normal\"\u2026","rel":"","context":"Entrada similar","img":{"alt_text":"","src":"","width":0,"height":0},"classes":[]},{"id":74,"url":"https:\/\/saintemariemayorga64220.fr\/es\/college-jean-de-mayorga\/mayorga-pratique\/renseignements-pratiques\/cantin\/","url_meta":{"origin":719,"position":2},"title":"Comedor","date":"26 de octubre de 2014","format":false,"excerpt":" [et_pb_slide heading=\"Comedor\" use_bg_overlay=\"on\" use_text_overlay=\"off\" _builder_version=\"3.0.84\" header_level=\"h1\" header_font=\"||||||||\" body_font=\"||||||||\" background_image=\"http:\/\/saintemariemayorga64220.fr\/wp-content\/uploads\/2014\/10\/background-1239436_1920.jpg\" custom_button=\"off\" button_icon_placement=\"right\" button_on_hover=\"on\" background_color=\"#ffffff\" use_background_color_gradient=\"off\" background_color_gradient_start=\"#2b87da\" background_color_gradient_end=\"#29c4a9\" background_color_gradient_type=\"linear\" background_color_gradient_direction=\"180deg\" background_color_gradient_direction_radial=\"center\" background_color_gradient_start_position=\"0%\" background_color_gradient_end_position=\"100%\" parallax=\"off\" parallax_method=\"on\" background_size=\"cover\" background_position=\"center\" background_repeat=\"no-repeat\" background_blend=\"normal\" allow_player_pause=\"off\" text_border_radius=\"3\" alignment=\"center\"\u2026","rel":"","context":"Entrada similar","img":{"alt_text":"","src":"","width":0,"height":0},"classes":[]},{"id":2052,"url":"https:\/\/saintemariemayorga64220.fr\/es\/modules\/","url_meta":{"origin":719,"position":3},"title":"Modules","date":"26 de noviembre de 2025","format":false,"excerpt":"[et_pb_slide heading=\"Une poule sur un mur\" button_text=\"Voir les r\u00e9sultats\u2026","rel":"","context":"Entrada similar","img":{"alt_text":"","src":"https:\/\/i0.wp.com\/saintemariemayorga64220.fr\/wp-content\/uploads\/2020\/04\/10-225x300.jpg?resize=350%2C200&ssl=1","width":350,"height":200},"classes":[]},{"id":52,"url":"https:\/\/saintemariemayorga64220.fr\/es\/college-jean-de-mayorga\/la-vie-a-mayorga\/le-bilinguisme-et-loption-basque\/","url_meta":{"origin":719,"position":4},"title":"El biling\u00fcismo y la opci\u00f3n vasco","date":"26 de octubre de 2014","format":false,"excerpt":" [et_pb_slide _builder_version=\"3.0.84\" use_background_color_gradient=\"off\" background_color_gradient_start=\"#2b87da\" background_color_gradient_end=\"#29c4a9\" background_color_gradient_type=\"linear\" background_color_gradient_direction=\"180deg\" background_color_gradient_direction_radial=\"center\" background_color_gradient_start_position=\"0%\" background_color_gradient_end_position=\"100%\" background_image=\"http:\/\/saintemariemayorga64220.fr\/wp-content\/uploads\/2015\/10\/DSCN1903.jpg\" parallax=\"off\" parallax_method=\"on\" background_size=\"cover\" background_position=\"center\" background_repeat=\"no-repeat\" background_blend=\"normal\" allow_player_pause=\"off\" use_bg_overlay=\"off\" use_text_overlay=\"off\" text_border_radius=\"3\" alignment=\"center\" background_layout=\"dark\" header_level=\"h1\" header_font=\"||||||||\" body_font=\"||||||||\" custom_button=\"off\" button_bg_use_color_gradient=\"off\" button_bg_color_gradient_start=\"#2b87da\" button_bg_color_gradient_end=\"#29c4a9\" button_bg_color_gradient_type=\"linear\" button_bg_color_gradient_direction_radial=\"center\" button_bg_size=\"cover\" button_bg_position=\"center\" button_bg_repeat=\"no-repeat\" button_bg_blend=\"normal\" button_font=\"||||||||\"\u2026","rel":"","context":"Entrada similar","img":{"alt_text":"","src":"https:\/\/i0.wp.com\/saintemariemayorga64220.fr\/wp-content\/uploads\/2015\/10\/DSCN1903-300x225.jpg?resize=350%2C200","width":350,"height":200},"classes":[]},{"id":62,"url":"https:\/\/saintemariemayorga64220.fr\/es\/college-jean-de-mayorga\/mayorga-pratique\/renseignements-pratiques\/inscriptions\/","url_meta":{"origin":719,"position":5},"title":"Inscripci\u00f3n","date":"26 de octubre de 2014","format":false,"excerpt":"[et_pb_section fb_built=\"1\"\u2026","rel":"","context":"Entrada similar","img":{"alt_text":"","src":"","width":0,"height":0},"classes":[]}],"_links":{"self":[{"href":"https:\/\/saintemariemayorga64220.fr\/es\/wp-json\/wp\/v2\/pages\/719"}],"collection":[{"href":"https:\/\/saintemariemayorga64220.fr\/es\/wp-json\/wp\/v2\/pages"}],"about":[{"href":"https:\/\/saintemariemayorga64220.fr\/es\/wp-json\/wp\/v2\/types\/page"}],"author":[{"embeddable":true,"href":"https:\/\/saintemariemayorga64220.fr\/es\/wp-json\/wp\/v2\/users\/1"}],"replies":[{"embeddable":true,"href":"https:\/\/saintemariemayorga64220.fr\/es\/wp-json\/wp\/v2\/comments?post=719"}],"version-history":[{"count":10,"href":"https:\/\/saintemariemayorga64220.fr\/es\/wp-json\/wp\/v2\/pages\/719\/revisions"}],"predecessor-version":[{"id":1876,"href":"https:\/\/saintemariemayorga64220.fr\/es\/wp-json\/wp\/v2\/pages\/719\/revisions\/1876"}],"up":[{"embeddable":true,"href":"https:\/\/saintemariemayorga64220.fr\/es\/wp-json\/wp\/v2\/pages\/24"}],"wp:attachment":[{"href":"https:\/\/saintemariemayorga64220.fr\/es\/wp-json\/wp\/v2\/media?parent=719"}],"curies":[{"name":"wp","href":"https:\/\/api.w.org\/{rel}","templated":true}]}}

<p>[et_pb_section fb_built=»1&#8243; _builder_version=»3.0.47&#8243;][et_pb_row _builder_version=»3.0.47&#8243; background_size=»initial» background_position=»top_left» background_repeat=»repeat»][et_pb_column type=»4_4&#8243; _builder_version=»3.0.47&#8243; parallax=»off» parallax_method=»on»][et_pb_slider _builder_version=»3.0.84&#8243;][et_pb_slide heading=»Au rythme de l&#8217;enfant» use_bg_overlay=»off» use_text_overlay=»off» _builder_version=»3.0.84&#8243; header_level=»h1&#8243; header_font=»||||||||» body_font=»||||||||» background_image=»http://saintemariemayorga64220.fr/wp-content/uploads/2018/03/child-817369_1920.jpg» custom_button=»off» button_icon_placement=»right» button_on_hover=»on»][/et_pb_slide][/et_pb_slider][/et_pb_column][/et_pb_row][/et_pb_section][et_pb_section fb_built=»1&#8243; _builder_version=»3.0.47&#8243;][et_pb_row _builder_version=»3.0.47&#8243; background_size=»initial» background_position=»top_left» background_repeat=»repeat»][et_pb_column type=»4_4&#8243; _builder_version=»3.0.47&#8243; parallax=»off» parallax_method=»on»][et_pb_text _builder_version=»3.0.84&#8243; background_size=»initial» background_position=»top_left» background_repeat=»repeat» inline_fonts=»Fauna One»]</p>
<p><span style="font-family: Fauna\ One; font-weight: normal; color: #000000;">L&#8217;école propose un rythme favorable au bon développement de l&#8217;enfant.</span></p>
<p><span style="font-family: Fauna\ One; font-weight: normal; color: #000000;">L&#8217;école fonctionne <span style="text-decoration: underline;">sur 4 jours par semaine</span> (lundi, mardi, jeudi et vendredi)</span></p>
<p><span style="font-family: Fauna\ One; font-weight: normal; color: #000000;"><span style="text-decoration: underline;">L&#8217;accueil du matin</span> se fait directement en classe de 8h15 à 8h30. L&#8217;enseignant peut accueillir chaque élève individuellement. Ce temps individualisé permet de commencer la journée dans un cadre calme et serein.</span></p>
<p><span style="font-family: Fauna\ One; font-weight: normal; color: #000000;"><span style="text-decoration: underline;">La cantine: </span> Les élèves mangent de 11h30 à 12h30. Le petit réfectoire accueille les élèves de maternelle. <span>Tandis que les CP, CE1, CE2, CM1 et CM2 (chaque cycle dispose de sa zone géographique) déjeunent dans le moyen réfectoire de l&#8217;école. Ceci permet un plus grand respect des besoins et rythmes de chacun.</span>.</span></p>
<p><span style="color: #000000;"><span style="font-family: Fauna\ One; font-weight: normal;"><span style="text-decoration: underline;">La sieste:</span> Afin d&#8217;offrir un temps de repos suffisant à chacun, tous les élèves de Petite section et  de Moyenne section (à la demande) font la sieste de 12h45 à 15h</span>.</span></p>
<p><em><strong>Haurraren erritmoa</strong></em></p>
<p><em><strong>Eskolak haurraren erritmoa segitzen du:</strong></em></p>
<ul>
<li><em><strong>4 eguneko astea proposatuz ( astelehena, asteartea, ortzeguna eta ortziralea)</strong></em></li>
<li><em><strong>Goizetan, 8ak eta laurdenetan, erakasleak haurrak banazka errezebitzen ditu bere gelan, eguna kalmeki hasiz.</strong></em></li>
<li><em><strong>Kantina: haurrek 2 geletan ( ama eskolaloak alde batetik eta haundiak bertzetik) oren batez jaten dute (11h30/12h30)</strong></em></li>
<li><em><strong>Loaldia : ama eskolako ttipi eta artekoek (nahi dutenek) pausa egitendute ( 12h45/15h).</strong></em></li>
</ul>
<p>[/et_pb_text][/et_pb_column][/et_pb_row][/et_pb_section][et_pb_section fb_built=»1&#8243; _builder_version=»3.0.47&#8243;][/et_pb_section][et_pb_section fb_built=»1&#8243; _builder_version=»3.0.47&#8243;][/et_pb_section][et_pb_section fb_built=»1&#8243; _builder_version=»3.0.47&#8243;][/et_pb_section]</p>

<p>[et_pb_section fb_built=»1&#8243; _builder_version=»3.0.47&#8243;][et_pb_row _builder_version=»3.0.47&#8243; background_size=»initial» background_position=»top_left» background_repeat=»repeat»][et_pb_column type=»4_4&#8243; _builder_version=»3.0.47&#8243; parallax=»off» parallax_method=»on»][et_pb_slider _builder_version=»3.0.84&#8243;][et_pb_slide heading=»Au rythme de l&#8217;enfant» use_bg_overlay=»off» use_text_overlay=»off» _builder_version=»3.0.84&#8243; header_level=»h1&#8243; header_font=»||||||||» body_font=»||||||||» background_image=»http://saintemariemayorga64220.fr/wp-content/uploads/2018/03/child-817369_1920.jpg» custom_button=»off» button_icon_placement=»right» button_on_hover=»on»][/et_pb_slide][/et_pb_slider][/et_pb_column][/et_pb_row][/et_pb_section][et_pb_section fb_built=»1&#8243; _builder_version=»3.0.47&#8243;][et_pb_row _builder_version=»3.0.47&#8243; background_size=»initial» background_position=»top_left» background_repeat=»repeat»][et_pb_column type=»4_4&#8243; _builder_version=»3.0.47&#8243; parallax=»off» parallax_method=»on»][et_pb_text _builder_version=»3.0.84&#8243; background_size=»initial» background_position=»top_left» background_repeat=»repeat» inline_fonts=»Fauna One»] L&#8217;école propose un rythme favorable au bon développement de l&#8217;enfant. L&#8217;école fonctionne sur [&hellip;]</p>

[et_pb_slide heading="Une poule sur un mur" button_text="Voir les résultats…

El bilingüismo y la opción vasco

Inscripción
